5 + 116150?
145415
In base 8, what is 31075 + 376?
31473
In base 10, what is 0 - -250944?
250944
In base 10, what is -32 + -3248861?
-3248893
In base 3, what is -12212101020 + -1110?
-12212102200
In base 14, what is 18 + 4024b?
40265
In base 10, what is 3060869 + 28?
3060897
In base 4, what is 13133102 - 1300130?
11232312
In base 6, what is -10141410 - -24?
-10141342
In base 3, what is 221202 - -2011200022221?
2011201021200
In base 15, what is 9c47e2 - 38?
9c47a9
In base 10, what is -28764 - -1657?
-27107
In base 7, what is 64 - 42544646?
-42544552
In base 6, what is 5234121 + 0?
5234121
In base 13, what is -1cb7 + -463c?
-6626
In base 3, what is -201120011002 + -110101?
-201120121110
In base 11, what is -82 - 7426?
-74a8
In base 14, what is -5 + -2d40749b?
-2d4074a2
In base 10, what is 535194 + 6?
535200
In base 6, what is -11 - 1351414?
-1351425
In base 11, what is -115a571 + 1?
-115a570
In base 12, what is -11a5 + -30b30?
-32115
In base 2, what is 110010 - -11000000011001111?
11000000100000001
In base 14, what is 0 + 4a326b?
4a326b
In base 15, what is 1 + 82a2d5d?
82a2d5e
In base 15, what is b + 6e8a4?
6e8b0
In base 14, what is 395624 + 18?
39563c
In base 5, what is -103343402 + 2303?
-103341044
In base 8, what is -73143634 - 3?
-73143637
In base 4, what is 1310123213201 + 10?
1310123213211
In base 12, what is -12668b - -246?
-126445
In base 10, what is 596 + 5810?
6406
In base 4, what is 23 + -121103022?
-121102333
In base 2, what is 1100000101110101010100 + 111001?
1100000101110110001101
In base 16, what is -40264 - 9?
-4026d
In base 12, what is -191145b7 + 0?
-191145b7
In base 6, what is 502233435 + -1?
502233434
In base 9, what is 138101 + 2105?
141206
In base 14, what is b7115a + -d?
b7114b
In base 2, what is -1001010110110100111100110100 - 1?
-1001010110110100111100110101
In base 5, what is -212103 - 132223?
-344331
In base 14, what is -5 + 8d6553?
8d654c
In base 11, what is 40333 - 2734?
386aa
In base 7, what is -22134453 - 22?
-22134505
In base 13, what is c5 + baa4?
bb99
In base 8, what is -16 + -36427075?
-36427113
In base 3, what is -1 - -120221210020102112?
120221210020102111
In base 3, what is 100000 - -112221022120?
112221122120
In base 5, what is -21032132 + 4102?
-21023030
In base 14, what is 279b - 85?
2716
In base 7, what is -13 - -50050310?
50050264
In base 7, what is 6004640 + -1?
6004636
In base 15, what is 9e97c + -78?
9e904
In base 3, what is 0 - 20020002110022?
-20020002110022
In base 6, what is -23344445 - 1505?
-23350354
In base 13, what is -2 + 27265b?
272659
In base 15, what is 4de09e1 + -d?
4de09d3
In base 12, what is -1076549 + -1?
-107654a
In base 5, what is -200234020 + 4?
-200234011
In base 14, what is -71dd + 2d?
-71b0
In base 10, what is -56002 + -3217?
-59219
In base 10, what is -4321535 + -5?
-4321540
In base 7, what is 5011321 - -66?
5011420
In base 4, what is 30033030210023 + 11?
30033030210100
In base 16, what is 3b - -1616b0?
1616eb
In base 2, what is 110000010100011 - 100000110?
101111110011101
In base 7, what is -26132 + -2130?
-31262
In base 6, what is 502 - 5345104?
-5344202
In base 11, what is 97138 + 51?
97189
In base 7, what is -21610060 - 6?
-21610066
In base 2, what is 1010010001 - 111000000000001?
-110110101110000
In base 6, what is 31434 - 344525?
-313051
In base 13, what is 95a - -a07?
1664
In base 13, what is -39083a - -7?
-390833
In base 12, what is -b72b554b - 2?
-b72b5551
In base 8, what is 0 - 10371735?
-10371735
In base 9, what is 36414253 - 0?
36414253
In base 7, what is 62 - 54123?
-54031
In base 13, what is c9 + 1ca4?
20a0
In base 4, what is 20110232122 - 102?
20110232020
In base 8, what is -140 + -45516563?
-45516723
In base 16, what is 5e4c - -29a?
60e6
In base 7, what is 166621 - 135155?
31433
In base 5, what is 13100143 + 20021?
13120214
In base 12, what is 1459 + -119591?
-118134
In base 13, what is -b0 - -c94a?
c86a
In base 3, what is -1021221000001211 - 20?
-1021221000002001
In base 11, what is -4 - 2618728?
-2618731
In base 13, what is -445a + 8c34?
47a7
In base 3, what is 100111201110102 + 10221?
100111201121100
In base 15, what is -17ac5a - -3e?
-17ac1b
In base 8, what is -150755 - -20225?
-130530
In base 10, what is 97404 - -3950?
101354
In base 15, what is -88ae - -9b15?
1256
In base 4, what is 13122 + -120220?
-101032
In base 14, what is -4 + 122db8?
122db4
In base 2, what is -100111101110 + -1111011001111?
-10100010111101
In base 13, what is -7b0665 - 59?
-7b06c1
In base 6, what is -4 - 412544030?
-412544034
In base 5, what is 2 - -13200232011?
13200232013
In base 14, what is 2 - 1b6dab?
-1b6da9
In base 12, what is 387 - -10859a?
108965
In base 9, what is -17828 + -1237?
-20166
In base 5, what is -23334122303 - 1?
-23334122304
In base 5, what is -134 + 12424003431?
12424003242
In base 9, what is 3 + 2556026?
2556030
In base 2, what is 1101000010 - -111001010100111101?
111001100001111111
In base 11, what is 1 + 35654241?
35654242
In base 16, what is -21028 - -33?
-20ff5
In base 6, what is -1355001 + 1212?
-1353345
In base 14, what is -35b816 + 2?
-35b814
In base 8, what is -4211734045 - -3?
-4211734042
In base 14, what is -374 + 3d36?
39a2
In base 14, what is -1 + -c57ad1?
-c57ad2
In base 11, what is 5276 + -947?
442a
In base 9, what is 0 - -7728121?
7728121
In base 3, what is 2202221000 - 1201021?
2201012202
In base 8, what is -212242 - 77?
-212341
In base 14, what is -361b554 + 0?
-361b554
In base 3, what is -212020121 - 12?
-212020210
In base 5, what is 13 + 2422003443?
2422004011
In base 15, what is 26cb2 - be?
26be3
In base 8, what is -2564 - -316673?
314107
In base 7, what is -225320650 + -3?
-225320653
In base 11, what is -4a673 + -a?
-4a682
In base 3, what is -11 + -20022211022120?
-20022211022201
In base 10, what is -68813233 - 5?
-68813238
In base 2, what is -101110111100111100100000 - 110100?
-101110111100111101010100
In base 2, what is 101001110101001 - 1010001001011111?
-100111010110110
In base 4, what is 1020123 - -3100023?
10120212
In base 15, what is 60015 - 8ab?
5e659
In base 12, what is -4 - -21ba376?
21ba372
In base 13, what is -1bb591 - 392?
-1bb953
In base 13, what is 212c + -12b7b?
-10a4c
In base 6, what is -144501 + 451213?
302312
In base 12, what is -2a82 + 1437?
-1647
In base 11, what is -4a3 + -4152a?
-41a22
In base 2, what is -1110101101101111110101010 - 11?
-1110101101101111110101101
In base 5, what is 21100100 + 4434?
21110034
In base 12, what is b64 - -8b3?
1857
In base 2, what is 1010111110010101011 - 10001100?
1010111110000011111
In base 9, what is 32121 - 4011?
27110
In base 16, what is -1cb1 + 400?
-18b1
In base 8, what is -10735151 + 67?
-10735062
In base 16, what is 2 + d449?
d44b
In base 8, what is 24 + 3670045?
3670071
In base 11, what is a7 + 51689?
51785
In base 3, what is 12101 + -201110211?
-201021110
In base 11, what is -1 - -2a4a588a?
2a4a5889
In base 4, what is -10 + 100101323332?
100101323322
In base 6, what is -431553 - -22021?
-405532
In base 9, what is 2 - 76138224?
-76138222
In base 8, what is 36 + 356342?
356400
In base 7, what is -5512 + -6540?
-15352
In base 11, what is 1585a9255 - -5?
1585a925a
In base 13, what is -2a8902 - -13?
-2a88bc
In base 14, what is 4228432a - 5?
42284325
In base 15, what is -7a29 - -10ea?
-692e
In base 13, what is 66c1c80 - -2?
66c1c82
In base 6, what is 2211142 - 20411?
2150331
In base 4, what is 131222100123 - -11?
131222100200
In base 7, what is -31206664 + 11?
-31206653
In base 3, what is -21220 + -21221122110?
-21221221100
In base 5, what is 12304232 + -3003?
12301224
In base 4, what is -3131220120 - -22313?
-3131131201
In base 3, what is -11121100221 - -2120222?
-11111202222
In base 9, what is -58570 - -812?
-57657
In base 15, what is -168eb2 - a0?
-169062
In base 8, what is 14 - 217641?
-217625
In base 9, what is -24234 + 27446?
3212
In base 13, what is 115b - 2127?
-c99
In base 10, what is -59114 + 8458?
-50656
In base 10, what is 162 + -103667?
-103505
In base 9, what is -6848728 - -6?
-6848722
In base 16, what is 5 - -251639?
25163e
In base 6, what is 2 - -214220351?
214220353
In base 2, what is 1010000010100 + 111101101001?
10001101111101
In base 11, what is -25780 - -8?
-25773
In base 13, what is 27 + -63c2c?
-63c05
In base 4, what is -101212020 - 3101111?
-110313131
In ba